en 88 is divided by l.
10
Suppose -2*f + u = 2*f - 27, 0 = -f + 4*u + 3. Let i = 89 + -64. Calculate the remainder when i is divided by f.
4
Let t(k) = k**3 + 7*k**2 + 8*k - 10. Let l be t(-7). Let b = l + 93. Let i(x) = 3*x + 2. What is the remainder when b is divided by i(4)?
13
Let z(p) = -p**2 + 10*p + 5. Let a be z(10). Let x = 4 + -2. Suppose a = -x*s + 25. What is the remainder when 17 is divided by s?
7
Suppose 25 = 3*n + 2*x - 158, 0 = -2*x. What is the remainder when n is divided by 16?
13
Let l(v) = -v**3 + 5*v**2 - v - 2. Calculate the remainder when (-86)/(-6) + 2/(-6) is divided by l(2).
6
Suppose 5*t + 3*o = 26, 0*t - o + 18 = 3*t. Calculate the remainder when t is divided by (5/(-25) + (-4)/30)*-9.
1
Let f(i) = i**3 - 6*i**2 - 2*i + 6. Let h be f(6). Calculate the remainder when h*3/6 + 60 is divided by 15.
12
Suppose 219 = 3*p + 3*h, -5*p + h = 76 - 447. What is the remainder when p is divided by 16?
10
Let l = -252 - -410. Calculate the remainder when l is divided by 41.
35
Let y(n) = -n**2 + n + 1. Let f(d) = 4*d**2 - 9*d - 1. Let j(v) = f(v) + 3*y(v). Let m = 14 + 2. Calculate the remainder when m is divided by j(7).
7
Suppose -5*w = -2*w - 9. Suppose 0 = a - 6*a - 5*o + 20, 5*o - 12 = w*a. What is the remainder when a is divided by 1?
0
Suppose 3*c + 4 = 25. Calculate the remainder when c is divided by 4.
3
Calculate the remainder when 15 is divided by (30/12*(-6)/5)/(-1).
0
Let w(g) = 3*g**3 + 5*g**2 - 4*g - 6. Let f(z) = -4*z**3 - 6*z**2 + 5*z + 6. Let i(o) = -4*f(o) - 5*w(o). What is the remainder when 10 is divided by i(0)?
4
What is the remainder when 361/(-19)*(-6 - 1) is divided by 27?
25
Let n be (-8)/2 - -1*2. Suppose 5*t - 5*r - 30 = 0, 0 = 3*r - 12. What is the remainder when t is divided by 1 + ((-10)/n - 0)?
4
Let z(d) = -d**3 + 10*d**2 - 9*d + 2. Let u be z(9). Suppose 2*q - 57 = -l, 0 = u*l + q - 64 - 38. What is the remainder when l is divided by 13?
10
Let h(c) = 97*c**2 - c. Let i be h(-1). Suppose -3*z - v + 0*v = -i, v + 38 = z. What is the remainder when z is divided by 12?
10
Suppose -v = -m + 3*v - 69, 5*v + 275 = -3*m. Suppose -4*d + 4*k = -32, d - 2*k - 12 + 2 = 0. What is the remainder when d is divided by m/(-25) - (-3)/5?
2
Calculate the remainder when 87 is divided by 524/24 + 2/12.
21
Let l be (4/(-6))/(24/(-180)). Let n(k) = k**3 - 5*k**2 + k + 7. What is the remainder when 46 is divided by n(l)?
10
Suppose 3*h - 80 = -h. Suppose -3*k + h = k. Suppose 4*i - 8*i = -56. Calculate the remainder when i is divided by k.
4
Let d(n) = -n + 15. Suppose 2*f - 2 + 16 = 0. Let p = -5 - f. What is the remainder when d(11) is divided by p?
0
Let h(z) = -z**2 + 7*z + 1. Calculate the remainder when 25 is divided by h(5).
3
Let d(k) = -7*k + 42. Calculate the remainder when 293 is divided by d(0).
41
What is the remainder when 87 is divided by -12*(-2 - (-3)/6)?
15
Let d(w) = w**2 - w + 22. Suppose 4*s = 6 + 18. Suppose s*r - 60 = r. What is the remainder when d(0) is divided by r?
10
Suppose 3*n = -3*b - 8 + 41, -3*b + 4*n + 54 = 0. What is the remainder when b is divided by 4?
2
Let l = 243 + -154. What is the remainder when l is divided by 23?
20
Let a = 105 + -59. What is the remainder when a is divided by 12?
10
Suppose 2*v + 42 = 5*v. Let t(r) = -r**3 - 2*r**2 + 2*r + 2. Let z be (-28)/42 - (-14)/(-6). What is the remainder when v is divided by t(z)?
4
What is the remainder when 112 is divided by (7/21 - 116/6)*-1?
17
Let t be 2 + -2 + 15/3. Let r(a) = a**3 - 6*a**2 + 8*a - 4. Suppose 0 = -2*f + o + 6, 5*f + 0*o - 14 = 3*o. What is the remainder when r(t) is divided by f?
3
Let m(l) = -l**3 + 5*l**2 + 2*l - 7. Let u be m(5). What is the remainder when (-160)/(-4) + 3/(-1) is divided by 82/6 + (-2)/u?
11
Let y = 337 - 229. What is the remainder when y is divided by 37?
34
Let z(y) = -29*y - 2. Let t be z(2). What is the remainder when 7 is divided by t/(-16) - (-1)/4?
3
Suppose -3*c + 6 = 2*p - c, 0 = -3*p + c + 13. Suppose 171 = p*b + 5*f, 2*b - 123 = -0*b + 5*f. Calculate the remainder when b is divided by 25.
24
Suppose -2*x = -3*x + 8. Let j = x - 1. Calculate the remainder when 19 is divided by j.
5
Let m be -1 - 2 - (-10)/5. Let x be ((-9)/2)/(m/2). Suppose q - 4*g = -1, 5*q + g - 25 = -x. Calculate the remainder when 5 is divided by q.
2
Suppose -q - 3*k - 5 = -k, -q = 3*k + 10. Suppose -q*b + 4*b + 2 = 0. Let u(t) = -t + 8. Calculate the remainder when b is divided by u(7).
0
Suppose 0 = d - 2 - 29. Suppose -3*w + 21 = 6, -4*h + 5*w = -335. What is the remainder when h is divided by d?
28
Suppose -5*f = 59 + 241. Let x be 1*2/(-4)*f. Suppose 0 = -4*a + 2*a + x. What is the remainder when 28 is divided by a?
13
What is the remainder when 79 is divided by 9*((-6)/(-4) + (-2)/4)?
7
Let w(z) = -z - 1. Let v be w(-5). Suppose 26 = v*q - 14. Let x(u) = 2*u + 2. Calculate the remainder when q is divided by x(1).
2
Suppose 3*c + 5*v - 10 = 0, -8*v = c - 3*v. Suppose 0 = c*i - 4 - 161. Calculate the remainder when i is divided by 17.
16
Let a(r) = -2*r + 4. Calculate the remainder when 17 is divided by a(-3).
7
Let y(q) = 3*q**2 - q - 1. Let a = -17 - -42. Calculate the remainder when a is divided by y(2).
7
Let q(c) = -c**2 - 15*c - 12. Calculate the remainder when q(-10) is divided by 20.
18
Suppose 0 = -2*q + 4*s + 30, 2*q - 5*q + 65 = -2*s. Suppose 176 = 2*n - 5*g, -3*n - g + 282 = -4*g. Calculate the remainder when n is divided by q.
23
Suppose 0 = -2*i - h + 83, 8*i - 3*i = -3*h + 208. Let t = -25 + i. What is the remainder when t is divided by 9?
7
Suppose -194 = -4*b + 162. Suppose -3*d + 186 = -3*u - 0*d, 5*u - 4*d = -310. Let f = u + b. Calculate the remainder when f is divided by 14.
13
Let d be (-7)/(-1) + 0 + -3. Suppose -128 = -d*l - 0*l - 2*w, -5*l + 5*w + 130 = 0. Calculate the remainder when l is divided by 11.
8
Suppose -2*g - 20 = -4*t + 48, 2*t - 18 = -3*g. Suppose 0 = 5*u - 0*u - 210. What is the remainder when u is divided by t?
12
Let n = 103 - 42. Suppose 4*d = 189 - n. Let h = 5 + d. What is the remainder when h is divided by 10?
7
Suppose 5*h = -3*b + 94, b + h + 87 = 5*b. What is the remainder when b is divided by 26/((-6 - -4)*-1)?
10
Let p be 1/5 + 134/5. Let i = 47 - p. Calculate the remainder when 59 is divided by i.
19
Let i be (-132)/(-9) + (-2)/3. Suppose -2*a = 2*s + 4, i = 6*s - s - a. Suppose -7*h = -s*h - 75. What is the remainder when 28 is divided by h?
13
Let l = -21 + 24. What is the remainder when 5 is divided by l?
2
Let d(f) = f**3 - 3*f**2 + f + 3. Let h(q) = q + 3. Let u = 10 - 1. What is the remainder when d(4) is divided by h(u)?
11
Suppose 51 = -5*g + 146. Calculate the remainder when 70 is divided by g.
13
Suppose -110 = -8*b + 74. What is the remainder when 86 is divided by b?
17
Suppose 3*m - 555 = 126. Suppose 3*d = -5*i + m, 5*d + 32 = 3*i - 77. Let g(h) = h**2 + 11*h + 15. What is the remainder when i is divided by g(-11)?
13
Calculate the remainder when ((-7)/(-2))/((-2)/(-8)) is divided by 8.
6
Suppose -36 = -5*w + 69. Suppose 2*m - 28 = -6. Calculate the remainder when w is divided by m.
10
Let u be (0 - 3)*(-130)/15. Let m = u - -2. What is the remainder when m is divided by 10?
8
Let p(l) = -276*l. Let i be p(-1). Suppose -9*k + 5*k = -i. What is the remainder when k is divided by 18?
15
Let n be 2/8 + (-38)/(-8). Suppose -k - 10 = -a - 2*a, -k = n*a - 22. Calculate the remainder when (6/(-5))/(k/(-40)) is divided by 13.
11
Suppose 0 = -4*s + 9*s - 60. Calculate the remainder when 35 is divided by s.
11
Let j(a) = a**2 + 3*a - 6. Let r(n) = 4*n - 4. Suppose 2*u = 7*u - 20. What is the remainder when j(-7) is divided by r(u)?
10
Let j(i) = i**3 - 5*i**2 + i. Let b be j(5). Suppose 152 = 3*z + u + 25, b*z + 3*u - 205 = 0. Calculate the remainder when z is divided by 15.
14
Let x be ((-1)/(-1))/((-1)/(-10)). Suppose -3*d = -d - 5*y - 38, -5*y = x. Calculate the remainder when 40 is divided by d.
12
Let q(v) = -3 + 2*v - 6*v + 2*v. Let l be q(-3). Let s = 16 - l. What is the remainder when s is divided by 5?
3
Let z = 13 + 13. Let y be -3 + (-1 - -1) + 1. Calculate the remainder when z is divided by y/(-6) + (-123)/(-9).
12
Let g = 13 + -17. What is the remainder when 1*(-41)/(-1) - g is divided by 23?
22
Suppose 125 = 6*q - q - 5*v, 3*q - 72